{"id":51,"date":"2022-01-22T14:01:11","date_gmt":"2022-01-22T14:01:11","guid":{"rendered":"https:\/\/salonsabine.komd.hbla-saalfelden.at\/index.php\/front_page\/"},"modified":"2025-06-24T08:17:52","modified_gmt":"2025-06-24T08:17:52","slug":"front_page","status":"publish","type":"page","link":"https:\/\/www.salon-sabine.at\/","title":{"rendered":"Ihr Spezialist rund um das Thema Haare"},"content":{"rendered":"\n<p>Wir sind ein Friseursalon in Kirchberg in Tirol. Bei uns sind Damen, Herren und Kinder herzlich willkommen. Wir bieten zahlreiche Dienstleistungen rund um Ihr Haar: von klassischen Haarschnitten \u00fcber Farb- und Str\u00e4hnentechniken bis hin zu modernen Stylings und Pflegebehandlungen. Mit einem dynamischen und engagierten Team setzen wir alles daran, Ihre W\u00fcnsche zu erf\u00fcllen und Ihre Traumfrisur zu verwirklichen. Wir freuen uns auf Ihren Besuch im Salon Sabine!<\/p>\n\n\n\n<p><\/p>\n\n\n\n<div class=\"wp-block-group alignfull schatten has-background\" style=\"background-color:#cdcdcd\"><div class=\"wp-block-group__inner-container is-layout-flow wp-block-group-is-layout-flow\">\n<div class=\"wp-block-columns is-layout-flex wp-container-core-columns-is-layout-9d6595d7 wp-block-columns-is-layout-flex\">\n<div class=\"wp-block-column is-vertically-aligned-center is-layout-flow wp-block-column-is-layout-flow\">\n<h2 class=\"wp-block-heading\" id=\"about-us-2\">Unsere Leistungen<\/h2>\n\n\n\n<p>Sie m\u00f6chten sich verw\u00f6hnen lassen? &#8211; Dann kommen Sie zu uns! Egal, ob einen frischen Haarschnitt, Str\u00e4hnen machen oder F\u00f6hnen. Wir bieten Ihnen alles rund um das Haar, sowie Manik\u00fcre, Augenbrauen- &amp; Wimpernf\u00e4rben. <\/p>\n\n\n\n<div class=\"wp-block-buttons is-horizontal is-content-justification-left is-layout-flex wp-container-core-buttons-is-layout-7e5fce0a wp-block-buttons-is-layout-flex\">\n<div class=\"wp-block-button is-style-outline is-style-outline--1\"><a class=\"wp-block-button__link has-black-color has-text-color wp-element-button\" href=\"https:\/\/salonsabine.komd.hbla-saalfelden.at\/index.php\/leistungen\/\">Mehr<\/a><\/div>\n<\/div>\n<\/div>\n\n\n\n<div class=\"wp-block-column is-layout-flow wp-block-column-is-layout-flow\">\n<div style=\"height:48px\" aria-hidden=\"true\" class=\"wp-block-spacer\"><\/div>\n\n\n\n<figure class=\"wp-block-image size-full\"><img loading=\"lazy\" decoding=\"async\" width=\"838\" height=\"838\" src=\"https:\/\/salonsabine.komd.hbla-saalfelden.at\/wp-content\/uploads\/2022\/04\/DSC_0054_klein.jpg\" alt=\"\" class=\"wp-image-507\" srcset=\"https:\/\/www.salon-sabine.at\/wp-content\/uploads\/2022\/04\/DSC_0054_klein.jpg 838w, https:\/\/www.salon-sabine.at\/wp-content\/uploads\/2022\/04\/DSC_0054_klein-300x300.jpg 300w, https:\/\/www.salon-sabine.at\/wp-content\/uploads\/2022\/04\/DSC_0054_klein-150x150.jpg 150w, https:\/\/www.salon-sabine.at\/wp-content\/uploads\/2022\/04\/DSC_0054_klein-768x768.jpg 768w\" sizes=\"auto, (max-width: 838px) 100vw, 838px\" \/><\/figure>\n<\/div>\n<\/div>\n<\/div><\/div>\n\n\n\n<div class=\"wp-block-group alignfull\"><div class=\"wp-block-group__inner-container is-layout-flow wp-block-group-is-layout-flow\">\n<div class=\"wp-block-columns are-vertically-aligned-center is-layout-flex wp-container-core-columns-is-layout-9d6595d7 wp-block-columns-is-layout-flex\">\n<div class=\"wp-block-column is-vertically-aligned-center is-layout-flow wp-block-column-is-layout-flow\">\n<div style=\"height:48px\" aria-hidden=\"true\" class=\"wp-block-spacer\"><\/div>\n\n\n\n<figure class=\"wp-block-image size-large\"><img loading=\"lazy\" decoding=\"async\" width=\"1024\" height=\"1024\" src=\"https:\/\/www.salon-sabine.at\/wp-content\/uploads\/2023\/12\/salonsabine_01-1024x1024.jpg\" alt=\"\" class=\"wp-image-600\" srcset=\"https:\/\/www.salon-sabine.at\/wp-content\/uploads\/2023\/12\/salonsabine_01-1024x1024.jpg 1024w, https:\/\/www.salon-sabine.at\/wp-content\/uploads\/2023\/12\/salonsabine_01-300x300.jpg 300w, https:\/\/www.salon-sabine.at\/wp-content\/uploads\/2023\/12\/salonsabine_01-150x150.jpg 150w, https:\/\/www.salon-sabine.at\/wp-content\/uploads\/2023\/12\/salonsabine_01-768x768.jpg 768w, https:\/\/www.salon-sabine.at\/wp-content\/uploads\/2023\/12\/salonsabine_01-1536x1536.jpg 1536w, https:\/\/www.salon-sabine.at\/wp-content\/uploads\/2023\/12\/salonsabine_01-2048x2048.jpg 2048w, https:\/\/www.salon-sabine.at\/wp-content\/uploads\/2023\/12\/salonsabine_01-2000x2000.jpg 2000w\" sizes=\"auto, (max-width: 1024px) 100vw, 1024px\" \/><\/figure>\n<\/div>\n\n\n\n<div class=\"wp-block-column is-vertically-aligned-center is-layout-flow wp-block-column-is-layout-flow\">\n<h2 class=\"wp-block-heading\" id=\"wir-suchen-eine-n-fusspfleger-in\">WIR SUCHEN EINE\/N FRISEUR\/IN (Vollzeit oder Teilzeit) und einen FRISEUR-LEHRLING<\/h2>\n\n\n\n<p>Du bist kreativ, kommunikativ und engagiert &#8230;<br>arbeitest gerne in einem jungen Team mit Leuten &#8230;<br>bei guter Entlohnung &#8230;<\/p>\n\n\n\n<p><strong>dann bist du bei uns genau richtig!!<\/strong><\/p>\n\n\n\n<p>Bei Interesse melde dich gerne telefonisch unter<br> <strong>+43 5357 2662<\/strong> oder per Email an <strong>salon-sabine@gmx.at <\/strong><\/p>\n\n\n\n<div class=\"wp-block-buttons is-horizontal is-content-justification-left is-layout-flex wp-container-core-buttons-is-layout-7e5fce0a wp-block-buttons-is-layout-flex\">\n<div class=\"wp-block-button is-style-outline is-style-outline--2\"><a class=\"wp-block-button__link has-black-color has-text-color wp-element-button\" href=\"https:\/\/salonsabine.komd.hbla-saalfelden.at\/index.php\/unser-team\/\">Mehr \u00dcber uns<\/a><\/div>\n<\/div>\n<\/div>\n<\/div>\n<\/div><\/div>\n\n\n\n<div class=\"wp-block-group alignfull has-black-background-color has-background\"><div class=\"wp-block-group__inner-container is-layout-flow wp-block-group-is-layout-flow\">\n<h2 class=\"wp-block-heading has-text-align-center has-white-color has-text-color\" id=\"gallery-1\"><strong>Galerie<\/strong><\/h2>\n\n\n\n<figure class=\"wp-block-gallery aligncenter has-nested-images columns-default is-cropped wp-block-gallery-3 is-layout-flex wp-block-gallery-is-layout-flex\">\n<figure class=\"wp-block-image size-large\"><img loading=\"lazy\" decoding=\"async\" width=\"1024\" height=\"610\" data-id=\"274\" src=\"https:\/\/salonsabine.komd.hbla-saalfelden.at\/wp-content\/uploads\/2022\/02\/probe02-3-1024x610.png\" alt=\"\" class=\"wp-image-274\" srcset=\"https:\/\/www.salon-sabine.at\/wp-content\/uploads\/2022\/02\/probe02-3-1024x610.png 1024w, https:\/\/www.salon-sabine.at\/wp-content\/uploads\/2022\/02\/probe02-3-300x179.png 300w, https:\/\/www.salon-sabine.at\/wp-content\/uploads\/2022\/02\/probe02-3-768x458.png 768w, https:\/\/www.salon-sabine.at\/wp-content\/uploads\/2022\/02\/probe02-3.png 1089w\" sizes=\"auto, (max-width: 1024px) 100vw, 1024px\" \/><\/figure>\n\n\n\n<figure class=\"wp-block-image size-large\"><img loading=\"lazy\" decoding=\"async\" width=\"1024\" height=\"576\" data-id=\"266\" src=\"https:\/\/salonsabine.komd.hbla-saalfelden.at\/wp-content\/uploads\/2022\/02\/DSC_0043_klein-4-1024x576.png\" alt=\"\" class=\"wp-image-266\" srcset=\"https:\/\/www.salon-sabine.at\/wp-content\/uploads\/2022\/02\/DSC_0043_klein-4-1024x576.png 1024w, https:\/\/www.salon-sabine.at\/wp-content\/uploads\/2022\/02\/DSC_0043_klein-4-300x169.png 300w, https:\/\/www.salon-sabine.at\/wp-content\/uploads\/2022\/02\/DSC_0043_klein-4-768x432.png 768w, https:\/\/www.salon-sabine.at\/wp-content\/uploads\/2022\/02\/DSC_0043_klein-4.png 1327w\" sizes=\"auto, (max-width: 1024px) 100vw, 1024px\" \/><\/figure>\n\n\n\n<figure class=\"wp-block-image size-large\"><img loading=\"lazy\" decoding=\"async\" width=\"1024\" height=\"729\" data-id=\"601\" src=\"https:\/\/www.salon-sabine.at\/wp-content\/uploads\/2023\/12\/salonsabine-3-1024x729.jpg\" alt=\"\" class=\"wp-image-601\" srcset=\"https:\/\/www.salon-sabine.at\/wp-content\/uploads\/2023\/12\/salonsabine-3-1024x729.jpg 1024w, https:\/\/www.salon-sabine.at\/wp-content\/uploads\/2023\/12\/salonsabine-3-300x214.jpg 300w, https:\/\/www.salon-sabine.at\/wp-content\/uploads\/2023\/12\/salonsabine-3-768x547.jpg 768w, https:\/\/www.salon-sabine.at\/wp-content\/uploads\/2023\/12\/salonsabine-3-1536x1094.jpg 1536w, https:\/\/www.salon-sabine.at\/wp-content\/uploads\/2023\/12\/salonsabine-3-2048x1458.jpg 2048w, https:\/\/www.salon-sabine.at\/wp-content\/uploads\/2023\/12\/salonsabine-3-2000x1424.jpg 2000w\" sizes=\"auto, (max-width: 1024px) 100vw, 1024px\" \/><\/figure>\n\n\n\n<figure class=\"wp-block-image size-large\"><img loading=\"lazy\" decoding=\"async\" width=\"1024\" height=\"676\" data-id=\"271\" src=\"https:\/\/salonsabine.komd.hbla-saalfelden.at\/wp-content\/uploads\/2022\/02\/DSC_0092_sniping-1-1024x676.png\" alt=\"\" class=\"wp-image-271\" srcset=\"https:\/\/www.salon-sabine.at\/wp-content\/uploads\/2022\/02\/DSC_0092_sniping-1-1024x676.png 1024w, https:\/\/www.salon-sabine.at\/wp-content\/uploads\/2022\/02\/DSC_0092_sniping-1-300x198.png 300w, https:\/\/www.salon-sabine.at\/wp-content\/uploads\/2022\/02\/DSC_0092_sniping-1-768x507.png 768w, https:\/\/www.salon-sabine.at\/wp-content\/uploads\/2022\/02\/DSC_0092_sniping-1.png 1188w\" sizes=\"auto, (max-width: 1024px) 100vw, 1024px\" \/><\/figure>\n\n\n\n<figure class=\"wp-block-image size-large\"><img loading=\"lazy\" decoding=\"async\" width=\"1024\" height=\"762\" data-id=\"268\" src=\"https:\/\/salonsabine.komd.hbla-saalfelden.at\/wp-content\/uploads\/2022\/02\/DSC_0102_klein-1-1024x762.jpg\" alt=\"\" class=\"wp-image-268\" srcset=\"https:\/\/www.salon-sabine.at\/wp-content\/uploads\/2022\/02\/DSC_0102_klein-1-1024x762.jpg 1024w, https:\/\/www.salon-sabine.at\/wp-content\/uploads\/2022\/02\/DSC_0102_klein-1-300x223.jpg 300w, https:\/\/www.salon-sabine.at\/wp-content\/uploads\/2022\/02\/DSC_0102_klein-1-768x571.jpg 768w, https:\/\/www.salon-sabine.at\/wp-content\/uploads\/2022\/02\/DSC_0102_klein-1-1536x1143.jpg 1536w, https:\/\/www.salon-sabine.at\/wp-content\/uploads\/2022\/02\/DSC_0102_klein-1-2048x1524.jpg 2048w, https:\/\/www.salon-sabine.at\/wp-content\/uploads\/2022\/02\/DSC_0102_klein-1-2000x1488.jpg 2000w\" sizes=\"auto, (max-width: 1024px) 100vw, 1024px\" \/><\/figure>\n\n\n\n<figure class=\"wp-block-image size-large\"><img loading=\"lazy\" decoding=\"async\" width=\"1024\" height=\"616\" data-id=\"272\" src=\"https:\/\/salonsabine.komd.hbla-saalfelden.at\/wp-content\/uploads\/2022\/02\/DSC_0035_klein-1024x616.png\" alt=\"\" class=\"wp-image-272\" srcset=\"https:\/\/www.salon-sabine.at\/wp-content\/uploads\/2022\/02\/DSC_0035_klein-1024x616.png 1024w, https:\/\/www.salon-sabine.at\/wp-content\/uploads\/2022\/02\/DSC_0035_klein-300x180.png 300w, https:\/\/www.salon-sabine.at\/wp-content\/uploads\/2022\/02\/DSC_0035_klein-768x462.png 768w, https:\/\/www.salon-sabine.at\/wp-content\/uploads\/2022\/02\/DSC_0035_klein.png 1181w\" sizes=\"auto, (max-width: 1024px) 100vw, 1024px\" \/><\/figure>\n<\/figure>\n<\/div><\/div>\n\n\n\n\n\n<p><\/p>\n","protected":false},"excerpt":{"rendered":"<p>Wir sind ein Friseursalon in Kirchberg in Tirol. Bei uns sind Damen, Herren und Kinder herzlich willkommen. Wir bieten zahlreiche Dienstleistungen rund um Ihr Haar: von klassischen Haarschnitten \u00fcber Farb- und Str\u00e4hnentechniken bis hin zu modernen Stylings und Pflegebehandlungen. Mit einem dynamischen und engagierten Team setzen wir alles daran, Ihre W\u00fcnsche zu erf\u00fcllen und Ihre &hellip; <\/p>\n<p class=\"link-more\"><a href=\"https:\/\/www.salon-sabine.at\/\" class=\"more-link\">Mehr <span class=\"screen-reader-text\">\u00fcber &#8222;Ihr Spezialist rund um das Thema Haare&#8220; <\/span>Lesen<\/a><\/p>\n","protected":false},"author":1,"featured_media":0,"parent":0,"menu_order":0,"comment_status":"closed","ping_status":"closed","template":"","meta":{"footnotes":""},"class_list":["post-51","page","type-page","status-publish","hentry"],"yoast_head":"<!-- This site is optimized with the Yoast SEO plugin v18.1 - https:\/\/yoast.com\/wordpress\/plugins\/seo\/ -->\n<title>Ihr Spezialist rund um das Thema Haare - Friseursalon Sabine<\/title>\n<meta name=\"robots\" content=\"index, follow, max-snippet:-1, max-image-preview:large, max-video-preview:-1\" \/>\n<link rel=\"canonical\" href=\"https:\/\/www.salon-sabine.at\/\" \/>\n<meta property=\"og:locale\" content=\"de_DE\" \/>\n<meta property=\"og:type\" content=\"article\" \/>\n<meta property=\"og:title\" content=\"Ihr Spezialist rund um das Thema Haare - Friseursalon Sabine\" \/>\n<meta property=\"og:description\" content=\"Wir sind ein Friseursalon in Kirchberg in Tirol. Bei uns sind Damen, Herren und Kinder herzlich willkommen. Wir bieten zahlreiche Dienstleistungen rund um Ihr Haar: von klassischen Haarschnitten \u00fcber Farb- und Str\u00e4hnentechniken bis hin zu modernen Stylings und Pflegebehandlungen. Mit einem dynamischen und engagierten Team setzen wir alles daran, Ihre W\u00fcnsche zu erf\u00fcllen und Ihre &hellip; Mehr \u00fcber &quot;Ihr Spezialist rund um das Thema Haare&quot; Lesen\" \/>\n<meta property=\"og:url\" content=\"https:\/\/www.salon-sabine.at\/\" \/>\n<meta property=\"og:site_name\" content=\"Friseursalon Sabine\" \/>\n<meta property=\"article:modified_time\" content=\"2025-06-24T08:17:52+00:00\" \/>\n<meta property=\"og:image\" content=\"https:\/\/salonsabine.komd.hbla-saalfelden.at\/wp-content\/uploads\/2022\/04\/DSC_0054_klein.jpg\" \/>\n<meta name=\"twitter:card\" content=\"summary_large_image\" \/>\n<meta name=\"twitter:label1\" content=\"Gesch\u00e4tzte Lesezeit\" \/>\n\t<meta name=\"twitter:data1\" content=\"3\u00a0Minuten\" \/>\n<script type=\"application\/ld+json\" class=\"yoast-schema-graph\">{\"@context\":\"https:\/\/schema.org\",\"@graph\":[{\"@type\":\"WebSite\",\"@id\":\"https:\/\/www.salon-sabine.at\/#website\",\"url\":\"https:\/\/www.salon-sabine.at\/\",\"name\":\"Friseursalon Sabine\",\"description\":\"In Kirchberg in Tirol\",\"potentialAction\":[{\"@type\":\"SearchAction\",\"target\":{\"@type\":\"EntryPoint\",\"urlTemplate\":\"https:\/\/www.salon-sabine.at\/?s={search_term_string}\"},\"query-input\":\"required name=search_term_string\"}],\"inLanguage\":\"de\"},{\"@type\":\"ImageObject\",\"@id\":\"https:\/\/www.salon-sabine.at\/#primaryimage\",\"inLanguage\":\"de\",\"url\":\"https:\/\/salonsabine.komd.hbla-saalfelden.at\/wp-content\/uploads\/2022\/04\/DSC_0054_klein.jpg\",\"contentUrl\":\"https:\/\/salonsabine.komd.hbla-saalfelden.at\/wp-content\/uploads\/2022\/04\/DSC_0054_klein.jpg\"},{\"@type\":\"WebPage\",\"@id\":\"https:\/\/www.salon-sabine.at\/#webpage\",\"url\":\"https:\/\/www.salon-sabine.at\/\",\"name\":\"Ihr Spezialist rund um das Thema Haare - Friseursalon Sabine\",\"isPartOf\":{\"@id\":\"https:\/\/www.salon-sabine.at\/#website\"},\"primaryImageOfPage\":{\"@id\":\"https:\/\/www.salon-sabine.at\/#primaryimage\"},\"datePublished\":\"2022-01-22T14:01:11+00:00\",\"dateModified\":\"2025-06-24T08:17:52+00:00\",\"breadcrumb\":{\"@id\":\"https:\/\/www.salon-sabine.at\/#breadcrumb\"},\"inLanguage\":\"de\",\"potentialAction\":[{\"@type\":\"ReadAction\",\"target\":[\"https:\/\/www.salon-sabine.at\/\"]}]},{\"@type\":\"BreadcrumbList\",\"@id\":\"https:\/\/www.salon-sabine.at\/#breadcrumb\",\"itemListElement\":[{\"@type\":\"ListItem\",\"position\":1,\"name\":\"Startseite\",\"item\":\"https:\/\/www.salon-sabine.at\/\"},{\"@type\":\"ListItem\",\"position\":2,\"name\":\"Ihr Spezialist rund um das Thema Haare\"}]}]}<\/script>\n<!-- \/ Yoast SEO plugin. -->","yoast_head_json":{"title":"Ihr Spezialist rund um das Thema Haare - Friseursalon Sabine","robots":{"index":"index","follow":"follow","max-snippet":"max-snippet:-1","max-image-preview":"max-image-preview:large","max-video-preview":"max-video-preview:-1"},"canonical":"https:\/\/www.salon-sabine.at\/","og_locale":"de_DE","og_type":"article","og_title":"Ihr Spezialist rund um das Thema Haare - Friseursalon Sabine","og_description":"Wir sind ein Friseursalon in Kirchberg in Tirol. Bei uns sind Damen, Herren und Kinder herzlich willkommen. Wir bieten zahlreiche Dienstleistungen rund um Ihr Haar: von klassischen Haarschnitten \u00fcber Farb- und Str\u00e4hnentechniken bis hin zu modernen Stylings und Pflegebehandlungen. Mit einem dynamischen und engagierten Team setzen wir alles daran, Ihre W\u00fcnsche zu erf\u00fcllen und Ihre &hellip; Mehr \u00fcber \"Ihr Spezialist rund um das Thema Haare\" Lesen","og_url":"https:\/\/www.salon-sabine.at\/","og_site_name":"Friseursalon Sabine","article_modified_time":"2025-06-24T08:17:52+00:00","og_image":[{"url":"https:\/\/salonsabine.komd.hbla-saalfelden.at\/wp-content\/uploads\/2022\/04\/DSC_0054_klein.jpg"}],"twitter_card":"summary_large_image","twitter_misc":{"Gesch\u00e4tzte Lesezeit":"3\u00a0Minuten"},"schema":{"@context":"https:\/\/schema.org","@graph":[{"@type":"WebSite","@id":"https:\/\/www.salon-sabine.at\/#website","url":"https:\/\/www.salon-sabine.at\/","name":"Friseursalon Sabine","description":"In Kirchberg in Tirol","potentialAction":[{"@type":"SearchAction","target":{"@type":"EntryPoint","urlTemplate":"https:\/\/www.salon-sabine.at\/?s={search_term_string}"},"query-input":"required name=search_term_string"}],"inLanguage":"de"},{"@type":"ImageObject","@id":"https:\/\/www.salon-sabine.at\/#primaryimage","inLanguage":"de","url":"https:\/\/salonsabine.komd.hbla-saalfelden.at\/wp-content\/uploads\/2022\/04\/DSC_0054_klein.jpg","contentUrl":"https:\/\/salonsabine.komd.hbla-saalfelden.at\/wp-content\/uploads\/2022\/04\/DSC_0054_klein.jpg"},{"@type":"WebPage","@id":"https:\/\/www.salon-sabine.at\/#webpage","url":"https:\/\/www.salon-sabine.at\/","name":"Ihr Spezialist rund um das Thema Haare - Friseursalon Sabine","isPartOf":{"@id":"https:\/\/www.salon-sabine.at\/#website"},"primaryImageOfPage":{"@id":"https:\/\/www.salon-sabine.at\/#primaryimage"},"datePublished":"2022-01-22T14:01:11+00:00","dateModified":"2025-06-24T08:17:52+00:00","breadcrumb":{"@id":"https:\/\/www.salon-sabine.at\/#breadcrumb"},"inLanguage":"de","potentialAction":[{"@type":"ReadAction","target":["https:\/\/www.salon-sabine.at\/"]}]},{"@type":"BreadcrumbList","@id":"https:\/\/www.salon-sabine.at\/#breadcrumb","itemListElement":[{"@type":"ListItem","position":1,"name":"Startseite","item":"https:\/\/www.salon-sabine.at\/"},{"@type":"ListItem","position":2,"name":"Ihr Spezialist rund um das Thema Haare"}]}]}},"_links":{"self":[{"href":"https:\/\/www.salon-sabine.at\/index.php\/wp-json\/wp\/v2\/pages\/51","targetHints":{"allow":["GET"]}}],"collection":[{"href":"https:\/\/www.salon-sabine.at\/index.php\/wp-json\/wp\/v2\/pages"}],"about":[{"href":"https:\/\/www.salon-sabine.at\/index.php\/wp-json\/wp\/v2\/types\/page"}],"author":[{"embeddable":true,"href":"https:\/\/www.salon-sabine.at\/index.php\/wp-json\/wp\/v2\/users\/1"}],"replies":[{"embeddable":true,"href":"https:\/\/www.salon-sabine.at\/index.php\/wp-json\/wp\/v2\/comments?post=51"}],"version-history":[{"count":35,"href":"https:\/\/www.salon-sabine.at\/index.php\/wp-json\/wp\/v2\/pages\/51\/revisions"}],"predecessor-version":[{"id":618,"href":"https:\/\/www.salon-sabine.at\/index.php\/wp-json\/wp\/v2\/pages\/51\/revisions\/618"}],"wp:attachment":[{"href":"https:\/\/www.salon-sabine.at\/index.php\/wp-json\/wp\/v2\/media?parent=51"}],"curies":[{"name":"wp","href":"https:\/\/api.w.org\/{rel}","templated":true}]}}